he prime factors of d?
2, 37
Suppose -3*d + 0 = 123. Suppose 0 = 4*l + 31 + 77. Let t = l - d. What are the prime factors of t?
2, 7
Let v(c) = -13*c. Let s be v(8). Let d = s + 155. What are the prime factors of d?
3, 17
Suppose 10 = 9*l - 7*l. Suppose 4*d - l*v - 265 = -5, 8 = -2*v. What are the prime factors of d?
2, 3, 5
Suppose 4*z - g - 6743 = -6*g, g + 10157 = 6*z. List the prime factors of z.
2, 3, 47
Suppose -14670 = -12*r - 1170. Suppose -4*n + r = b - 4*b, 0 = 3*b - 3. List the prime factors of n.
2, 3, 47
Let l be 274/(-18) - (-36)/162. Let i(w) = -8*w - 1. What are the prime factors of i(l)?
7, 17
Let p = -520 - -888. What are the prime factors of p?
2, 23
Let k = 17 + -6. Let y(j) = -j + j + k*j. List the prime factors of y(4).
2, 11
Suppose 0 = 4*q - 3*f + 201, 2*q - 4*f = -5*f - 93. Let l be ((-1120)/q)/(2/3). What are the prime factors of 1221/21 - 5/l?
2, 29
Suppose x + 4 = 4*m, 26 - 4 = 4*x + 3*m. Let c be (3 - x)*1*-37. List the prime factors of (-18)/(-18) + (c - 1).
37
Suppose 0 = 3*m - m - 4, 4*b - 1932 = 4*m. Suppose -4*l + 0*l = -v + 97, -5*v + b = -l. List the prime factors of v.
97
Let f(h) = -40*h**3 + 3*h**2 - 8*h - 17. What are the prime factors of f(-2)?
331
Suppose -4*q - r + 119 = 0, -4*q - 4*r = -0*q - 128. What are the prime factors of q?
29
Suppose 0 = 5*c - 3*d - 3330, 4*d - 464 - 868 = -2*c. What are the prime factors of c?
2, 3, 37
What are the prime factors of ((-208)/78)/(2/(-237))?
2, 79
Suppose y + 2*p + 1603 = 4*y, -3*p = -12. Let o = y + -347. Suppose -7*h - o = -12*h. What are the prime factors of h?
2, 19
Suppose 5*c - 5*p = 15, -3*c - 2*p - 15 = -8*c. Suppose 116 = c*o + o. What are the prime factors of o?
29
Let j = 97 + -79. Let u(h) = 8*h - 19. List the prime factors of u(j).
5
Let a be (-3 + -5)/4 + 6. Suppose 0*k + k = -2*x + 8, a*x = 3*k + 6. Let q = x + 9. What are the prime factors of q?
2, 3
Let t = 1524 - 877. What are the prime factors of t?
647
Suppose 3*t + 6 = -0*t. Let f(k) = 4*k. Let p be f(4). Let h = p + t. List the prime factors of h.
2, 7
Let n(z) be the third derivative of 3*z**5/20 - z**3/6 + 10*z**2. List the prime factors of n(1).
2
Suppose 2*x - 15 = -3*x. Let s be (-1)/(60/21 - x). Suppose -s*z = -3*z - 240. What are the prime factors of z?
2, 3, 5
Suppose 2 = -h + 3. Let s be h + (51 - 4) + -2. Suppose 3*r - s - 137 = 0. List the prime factors of r.
61
Let p(m) = 2*m**2 - 13*m + 9. Let x(w) be the second derivative of w**4/6 + w**3/3 - 2*w**2 + 6*w. Let o be x(-3). List the prime factors of p(o).
3, 11
Suppose 4*m - 1392 = -416. List the prime factors of m.
2, 61
Suppose -50*g + 69832 + 37118 = 0. What are the prime factors of g?
3, 23, 31
Let z = 2 - 6. List the prime factors of z*(-1 + 2)/(-2).
2
Let a be (-18)/12*(1 - -1). What are the prime factors of ((-354)/(-3))/(a/((-9)/3))?
2, 59
Let h = -100 - -116. Let y(m) = -m**2 + 22*m - 5. What are the prime factors of y(h)?
7, 13
Suppose 2*t + 2*t - 3*v = -1, 0 = -3*t - v + 9. What are the prime factors of (-234)/((-40)/(-32) - 4/t)?
2, 3, 13
List the prime factors of ((-42)/4)/((-6)/1600) + -2.
2, 1399
Suppose 2*q - q - 654 = 6*f, -4*q = 2*f - 2512. List the prime factors of q.
2, 3, 5, 7
Let u(s) = 39*s**2 + 2. Let f be u(-1). Let x = f + 30. List the prime factors of x.
71
Suppose 2*u + 5*u - 182 = 0. Let c = 60 + u. What are the prime factors of c?
2, 43
Let z(g) = 50*g**3 - 2*g + 1. Let q be z(1). Suppose 2*c = 3*c - q. Suppose 5*r - c = 1. What are the prime factors of r?
2, 5
Suppose 4*o + 3*w - 272 - 903 = 0, 0 = o - 4*w - 289. Let h = -127 + o. What are the prime factors of h?
2, 83
Let n(u) = 89*u + 123. What are the prime factors of n(7)?
2, 373
Let x(o) = 19*o. Let u be 1/((-2)/4) + 7. What are the prime factors of x(u)?
5, 19
Suppose -11099 = -3*v - 5*s, 5*v - 3*s = -2*s + 18489. List the prime factors of v.
2, 43
Suppose -4*h - h = -5*c + 600, -1 = -h. What are the prime factors of c?
11
Let q be (-4)/34 - 912/51. Let n = -18 - q. Suppose n = 3*i - 0*i - 63. List the prime factors of i.
3, 7
Let h(q) = -q + 9. Let t be h(6). List the prime factors of -3 - (t + -110 + -3).
107
Let x be 21/14*(-200)/(-6). What are the prime factors of -1 + x + 1 + -2?
2, 3
Let h(u) = 37*u**3 - u**2 + 3*u - 2. Let d = -15 - -16. List the prime factors of h(d).
37
Let g = 18 - -56. Suppose -5*w = 2*d - g, 3*d - 72 = -4*w + 32. Suppose -l = -3*l + d. List the prime factors of l.
2
What are the prime factors of (10/100 - 741/30)*-45?
3, 41
Let j(o) = 31*o**2 - 1. Let f be j(1). Suppose v - f - 31 = 0. List the prime factors of v.
61
Suppose -548 = -24*l + 2740. List the prime factors of l.
137
Let o be (74*9/(-6))/(-1). Let b = -49 + o. What are the prime factors of b?
2, 31
Let j(c) be the first derivative of c**3/3 - c**2 + 7. Let d be j(3). Suppose 5 + 9 = f + g, d*f - 48 = -5*g. List the prime factors of f.
11
Let u(r) = -r**3 - 2*r**2 - r + 4. Let s be u(-2). Let d(g) = 2*g**3 - 10*g**2 - 6*g + 6. What are the prime factors of d(s)?
2, 3, 7
List the prime factors of (-8 + -2)/(-2) - -375.
2, 5, 19
Suppose -65*r + 63*r = -9318. What are the prime factors of r?
3, 1553
Suppose 7 = 3*t + 4. List the prime factors of 735/56 + t/(-8).
13
Suppose -3*h - 4*w + 8 + 9 = 0, w + 13 = 5*h. Suppose -3*x = -h*t - 13 - 53, 56 = 3*x - 5*t. What are the prime factors of x?
3
Suppose -7*z + 11*z = 4*c - 92, -4*c = -3*z - 74. What are the prime factors of (8104/10)/4 + z/(-45)?
7, 29
Let v(k) = k**2 - 3*k + 28. Suppose -5*f = -f - 60. Let i = f - 15. List the prime factors of v(i).
2, 7
Suppose -43 - 29 = -x. Suppose 4*o - 3*o = y - 124, 2*o + 2*y + 264 = 0. What are the prime factors of (-4)/(-18) - o/x?
2
Let h = 1228 + 1238. What are the prime factors of h?
2, 3, 137
List the prime factors of (1384/16)/((-1)/(-16)).
2, 173
Suppose -4*x - t = -1261, 4*x + 2*t - 1265 = -3*t. What are the prime factors of x?
3, 5, 7
Let b be (7 - 269)*((-3)/(-2) - 2). Let m = b - 29. List the prime factors of m.
2, 3, 17
Suppose -2*w + 198 = 4*w. Suppose -30*h = -w*h + 246. What are the prime factors of h?
2, 41
Suppose -k + 3 = -i, 0*k + k + 5*i = 15. Suppose -k*s = -1082 + 187. What are the prime factors of s?
179
Suppose -4*q + 4 = -0*q. List the prime factors of q*-2*(-3)/(-6) + 63.
2, 31
Let i = -40 - -70. List the prime factors of i*-2*12/(-16).
3, 5
Suppose 0 = -2*k + 2, -7*m + 1468 = -6*m - k. What are the prime factors of m?
13, 113
Let b = -30 - -87. Suppose -5*f - h = -197, 3*f - b = -3*h + 54. What are the prime factors of f?
2, 5
Let c(u) = -2*u**2 + 18*u - 6. Let d be c(15). List the prime factors of (-1)/2 - d/4.
2, 23
List the prime factors of 30/(-20) - (-2)/((-12)/(-21297)).
2, 887
Let w = -29 + 34. Suppose -3*f = 3*t - 8*f - 126, w*t - 5*f = 210. List the prime factors of t.
2, 3, 7
Suppose 8*s - 345 - 423 = 0. Let q = s - 12. List the prime factors of q.
2, 3, 7
Let o = 1205 + -710. List the prime factors of o.
3, 5, 11
Let g(j) = -j - 13. Let d be g(8). Suppose -4*o = -96 - 80. Let f = d + o. What are the prime factors of f?
23
Let t be 0/(0 + -4 + 3). Suppose o + t = 4. List the prime factors of (o/(-8))/(1/(-56)).
2, 7
Let u be (-51)/9 + (-1)/3. Let o = -153 - -164. List the prime factors of (u + 2)*o/(-4).
11
Suppose 5*j + 2*t = 4100, 2*j - 3*t = 4*j - 1651. What are the prime factors of j?
2, 409
Suppose -q + 3*l + 2*l + 23 = 0, 2*l = -8. Suppose 0 = s + 3*x - 154, q*s = x + 3*x + 501. What are the prime factors of s?
163
Let t(d) = -63*d - 21. Let b be t(-9). Suppose b + 36 = 2*f. List the prime factors of f.
3, 97
Let b(d) = d**3 + 24*d**2 + 15*d + 32. List the prime factors of b(-15).
2, 229
Let p(k) = k**2 + 4*k + 7. Let l(i) = 3*i**2 + 8*i + 15. Let r(t) = -2*l(t) + 5*p(t). Let y be r(-3). List the prime factors of y/(-88) - (-128)/22.
2, 3
Suppose 31*u = 34*u - 18. List the prime factors of ((-1600)/48)/((-2)/u).
2, 5
Let h = -302 - -456. What are the prime factors of h?
2, 7, 11
Let v be ((-12)/18)/((-2)/(-6)). Let s be 2 - 6*(v + 1). Let k = 28 - s. List the prime factors of k.
2, 5
Let s = 35 + -29. What are the prime factors of (s/(-4))/((-3)/42*1)?
3, 7
Let x be 2/(-5) - 54/15. Let r = x - -7. What are the prime factors of (-2 + r)*-1 + 34?
3, 11
Let s = -153 + 263. Let n = s + -97. List the prime factors of n.
13
What 